{"id":558,"date":"2018-05-26T15:03:14","date_gmt":"2018-05-26T15:03:14","guid":{"rendered":"http:\/\/fundacja-ichmoc.org\/?page_id=558"},"modified":"2018-05-26T15:03:14","modified_gmt":"2018-05-26T15:03:14","slug":"zarzadzanie-plikami-cookies","status":"publish","type":"page","link":"http:\/\/fundacja-ichmoc.org\/?page_id=558","title":{"rendered":"Zarz\u0105dzanie plikami cookies"},"content":{"rendered":"<p>Zarz\u0105dzaj plikami cookies<br \/>\nCo mog\u0119 zrobi\u0107, aby zarz\u0105dza\u0107 plikami cookie przechowywanymi na moim komputerze?<br \/>\nR\u00f3\u017cne przegl\u0105darki oferuj\u0105 r\u00f3\u017cne sposoby konfigurowania ustawie\u0144 plik\u00f3w cookie w przegl\u0105darce.<br \/>\nZe wzgl\u0119du na szeroki zakres r\u00f3\u017cnic mi\u0119dzy politykami prywatno\u015bci r\u00f3\u017cnych stron internetowych wiele przegl\u0105darek umo\u017cliwia korzystanie z uniwersalnych ustawie\u0144 prywatno\u015bci, z kt\u00f3rych mog\u0105 wybiera\u0107 u\u017cytkownicy.<br \/>\nU\u017cytkownicy wybieraj\u0105 r\u00f3\u017cne ustawienia prywatno\u015bci w zale\u017cno\u015bci od r\u00f3\u017cnych kwestii zwi\u0105zanych z prywatno\u015bci\u0105. Wi\u0119kszo\u015b\u0107 komercyjnych i \/ lub profesjonalnie stworzonych stron internetowych, takich jak Yahoo i Google, ma strony polityki prywatno\u015bci, kt\u00f3re ujawniaj\u0105, w jaki spos\u00f3b witryny obs\u0142uguj\u0105, zbieraj\u0105 i \/ lub przekazuj\u0105 informacje o u\u017cytkownikach stronom trzecim. S\u0105 one znane jako &#8222;P3P&#8221; (Platforma Preferencji prywatno\u015bci).<br \/>\nNiekt\u00f3re nowoczesne przegl\u0105darki maj\u0105 funkcj\u0119, kt\u00f3ra analizuje polityk\u0119 prywatno\u015bci stron i pozwala u\u017cytkownikowi kontrolowa\u0107 ich potrzeby w zakresie prywatno\u015bci. S\u0105 one znane jako &#8222;P3P&#8221; (Platforma Preferencji prywatno\u015bci). Uzyskaj wi\u0119cej informacji na temat P3P.<br \/>\nJe\u015bli odwiedzana komercyjna witryna internetowa nie ma polityki prywatno\u015bci, nale\u017cy zachowa\u0107 ostro\u017cno\u015b\u0107 przy wprowadzaniu wszelkich informacji do formularzy na stronie.<br \/>\nMo\u017cesz \u0142atwo usun\u0105\u0107 wszelkie pliki cookie, kt\u00f3re zosta\u0142y utworzone w folderze plik\u00f3w cookie przegl\u0105darki. Na przyk\u0142ad, je\u015bli jeste\u015b na komputerze z systemem Windows, oto kroki, jak korzysta\u0107 z Eksploratora Windows, aby usun\u0105\u0107 pliki cookie:<br \/>\n* Kliknij &#8222;Eksplorator Windows&#8221;<br \/>\n* Wybierz przycisk &#8222;Szukaj&#8221; na pasku narz\u0119dzi<br \/>\n* Wprowad\u017a &#8222;cookie&#8221; w polu wyszukiwania dla &#8222;Folder\u00f3w i plik\u00f3w&#8221;<br \/>\n* Wybierz &#8222;M\u00f3j komputer&#8221; w rozwijanym menu &#8222;Szukaj w&#8221;<br \/>\n* Kliknij &#8222;Wyszukaj teraz&#8221;<br \/>\n* Wybierz i otw\u00f3rz foldery, kt\u00f3re s\u0105 pobierane<br \/>\n* Kliknij, aby pod\u015bwietli\u0107 dowolny plik cookie<br \/>\n* Kliknij przycisk &#8222;Usu\u0144&#8221;, aby usun\u0105\u0107 plik cookies<br \/>\nJe\u015bli nie masz Eksploratora Windows, kliknij przycisk &#8222;Pomoc&#8221; na przycisku &#8222;Start&#8221; i wpisz &#8222;ciasteczka&#8221;, aby znale\u017a\u0107 informacje na temat lokalizacji folderu.<br \/>\nIstnieje wiele sposob\u00f3w zarz\u0105dzania plikami cookie. Mo\u017cesz wyczy\u015bci\u0107 pliki cookie, zablokowa\u0107 pliki cookie, usun\u0105\u0107 pliki cookie i w\u0142\u0105czy\u0107 obs\u0142ug\u0119 plik\u00f3w cookie zgodnie z twoj\u0105 wol\u0105 i innymi okoliczno\u015bciami. Je\u015bli u\u017cywasz r\u00f3\u017cnych komputer\u00f3w w r\u00f3\u017cnych lokalizacjach, musisz upewni\u0107 si\u0119, \u017ce ka\u017cda przegl\u0105darka jest dostosowana do twoich preferencji dotycz\u0105cych plik\u00f3w cookie.<br \/>\nJakie pliki cookies s\u0105 tworzone na komputerach<br \/>\nPliki cookie zale\u017c\u0105 od przegl\u0105darki i s\u0105 to w zasadzie pliki tekstowe zawieraj\u0105ce informacje, kt\u00f3re przegl\u0105darka zapisuje na jednym z folder\u00f3w w przypadku niekt\u00f3rych witryn, kt\u00f3re wysy\u0142aj\u0105 pliki cookie. Ciasteczka same w sobie nie stanowi\u0105 zagro\u017cenia, poniewa\u017c nie zawieraj\u0105 wirusa w \u017cadnej formie ani nie szpieguj\u0105 zawarto\u015bci komputera w celu z\u0142amania zabezpiecze\u0144. S\u0142u\u017c\u0105 do szybszego i \u0142atwiejszego surfowania po Internecie, dzi\u0119ki temu, \u017ce odwiedzane przez Ciebie witryny pami\u0119taj\u0105, kim jeste\u015b, np. Pami\u0119tasz adres IP lub has\u0142a, a tak\u017ce swoje preferencje, np. Gdy Amazon poleca ksi\u0105\u017ck\u0119 lub muzyczn\u0105 p\u0142yt\u0119 CD podobn\u0105 do tej, kt\u00f3r\u0105 szukali\u015bmy podczas twojej ostatniej wizyty.<br \/>\nTa wygodna funkcja niestety te\u017c ma wad\u0119 polegaj\u0105ca na tym, \u017ce pliki cookies mog\u0105 by\u0107 nadu\u017cywane, gdy niekt\u00f3re witryny u\u017cywaj\u0105 ich do \u015bledzenia r\u00f3\u017cnych stron internetowych cz\u0119sto w celach analitycznych, a tym samym rejestruj\u0105 zachowanie podczas surfowania. Troch\u0119 to przera\u017ca, gdy firmy, kt\u00f3re \u015bledz\u0105 ciebie, to te, z kt\u00f3rymi nigdy nie rozmawia\u0142e\u015b i kt\u00f3rym nigdy nie podawa\u0142e\u015b swoich danych osobowych.<br \/>\nStarsze przegl\u0105darki takie jak Internet Explorer 5.x lub Netscape 4.x oferowa\u0142y ograniczony wyb\u00f3r w zakresie zarz\u0105dzania plikami cookie. Po prostu ca\u0142kowicie dopuszczaj\u0105 lub blokuj\u0105 pliki cookie, wi\u0119c mo\u017cesz z nich skorzysta\u0107. Mo\u017cna je r\u00f3wnie\u017c ustawi\u0107 tak, aby wy\u015bwietla\u0142y monit o odpowied\u017a TAK lub NIE przy ka\u017cdej pr\u00f3bie wys\u0142ania witryny. Obecnie nowsze przegl\u0105darki z przegl\u0105darki Internet Explorer, Edge, Firefox i Opera a tak\u017ce, Chrome umo\u017cliwiaj\u0105 lepszy stopie\u0144 kontroli przy wyborze witryn, kt\u00f3re mog\u0105 lub nie mog\u0105 wysy\u0142a\u0107 plik\u00f3w cookie.<br \/>\nZarz\u0105dzanie plikami cookie w przegl\u0105darkach umo\u017cliwia samodzielne usuwanie plik\u00f3w cookie, wyszukiwanie okre\u015blonych plik\u00f3w cookies lub po prostu usuwanie wszystkich za pomoc\u0105 jednego klikni\u0119cia.<br \/>\nZarz\u0105dzanie plikami cookies Flash<br \/>\nPoniewa\u017c pliki cookie przegl\u0105darki zazwyczaj u\u0142atwiaj\u0105 dost\u0119p do witryn nast\u0119pnym razem, ta sama korzy\u015b\u0107 mo\u017ce by\u0107 uzyskana dzi\u0119ki ciasteczkom Flash. Usuni\u0119cie ich mo\u017ce wymaga\u0107 ponownego wprowadzenia informacji weryfikacyjnych w witrynach, kt\u00f3re odwiedz\u0105 t\u0119 sam\u0105 witryn\u0119 nast\u0119pnym razem. Nie mniej jednak, mo\u017cesz r\u00f3wnie\u017c usun\u0105\u0107 tego typu pliki Flash cookies.<\/p>\n","protected":false},"excerpt":{"rendered":"<p>Zarz\u0105dzaj plikami cookies Co mog\u0119 zrobi\u0107, aby zarz\u0105dza\u0107 plikami cookie przechowywanymi na moim komputerze? R\u00f3\u017cne przegl\u0105darki oferuj\u0105 r\u00f3\u017cne sposoby konfigurowania ustawie\u0144 plik\u00f3w cookie w przegl\u0105darce. Ze wzgl\u0119du na szeroki zakres r\u00f3\u017cnic mi\u0119dzy politykami prywatno\u015bci r\u00f3\u017cnych stron internetowych wiele przegl\u0105darek umo\u017cliwia korzystanie z uniwersalnych ustawie\u0144 prywatno\u015bci, z kt\u00f3rych mog\u0105 wybiera\u0107 u\u017cytkownicy. U\u017cytkownicy wybieraj\u0105 r\u00f3\u017cne ustawienia prywatno\u015bci &hellip; <\/p>\n<p class=\"link-more\"><a href=\"http:\/\/fundacja-ichmoc.org\/?page_id=558\" class=\"more-link\">Czytaj dalej<span class=\"screen-reader-text\"> \u201eZarz\u0105dzanie plikami cookies\u201d<\/span><\/a><\/p>\n","protected":false},"author":1,"featured_media":0,"parent":0,"menu_order":0,"comment_status":"closed","ping_status":"closed","template":"","meta":{"footnotes":""},"_links":{"self":[{"href":"http:\/\/fundacja-ichmoc.org\/index.php?rest_route=\/wp\/v2\/pages\/558"}],"collection":[{"href":"http:\/\/fundacja-ichmoc.org\/index.php?rest_route=\/wp\/v2\/pages"}],"about":[{"href":"http:\/\/fundacja-ichmoc.org\/index.php?rest_route=\/wp\/v2\/types\/page"}],"author":[{"embeddable":true,"href":"http:\/\/fundacja-ichmoc.org\/index.php?rest_route=\/wp\/v2\/users\/1"}],"replies":[{"embeddable":true,"href":"http:\/\/fundacja-ichmoc.org\/index.php?rest_route=%2Fwp%2Fv2%2Fcomments&post=558"}],"version-history":[{"count":1,"href":"http:\/\/fundacja-ichmoc.org\/index.php?rest_route=\/wp\/v2\/pages\/558\/revisions"}],"predecessor-version":[{"id":559,"href":"http:\/\/fundacja-ichmoc.org\/index.php?rest_route=\/wp\/v2\/pages\/558\/revisions\/559"}],"wp:attachment":[{"href":"http:\/\/fundacja-ichmoc.org\/index.php?rest_route=%2Fwp%2Fv2%2Fmedia&parent=558"}],"curies":[{"name":"wp","href":"https:\/\/api.w.org\/{rel}","templated":true}]}}